{"id":2,"date":"2020-04-29T19:27:38","date_gmt":"2020-04-29T19:27:38","guid":{"rendered":"http:\/?page_id=2"},"modified":"2020-08-20T11:03:03","modified_gmt":"2020-08-20T16:03:03","slug":"sample-page","status":"publish","type":"page","link":"https:\/\/asociacionclp.com\/","title":{"rendered":"Colonos Lomas del Pedregal"},"content":{"rendered":"\t\t<div data-elementor-type=\"wp-page\" data-elementor-id=\"2\" class=\"elementor elementor-2\" data-elementor-settings=\"[]\">\n\t\t\t<div class=\"elementor-inner\">\n\t\t\t\t<div class=\"elementor-section-wrap\">\n\t\t\t\t\t\t\t<section class=\"elementor-element elementor-element-11eb3a2c elementor-section-boxed elementor-section-height-default elementor-section-height-default elementor-section elementor-top-section\" data-id=\"11eb3a2c\" data-element_type=\"section\">\n\t\t\t\t\t\t<div class=\"elementor-container elementor-column-gap-default\">\n\t\t\t\t<div class=\"elementor-row\">\n\t\t\t\t<div class=\"elementor-element elementor-element-70ab3f63 elementor-column elementor-col-100 elementor-top-column\" data-id=\"70ab3f63\" data-element_type=\"column\">\n\t\t\t<div class=\"elementor-column-wrap  elementor-element-populated\">\n\t\t\t\t\t<div class=\"elementor-widget-wrap\">\n\t\t\t\t<div class=\"elementor-element elementor-element-6f896ff elementor-widget elementor-widget-heading\" data-id=\"6f896ff\" data-element_type=\"widget\" data-widget_type=\"heading.default\">\n\t\t\t\t<div class=\"elementor-widget-container\">\n\t\t\t<h2 class=\"elementor-heading-title elementor-size-default\">Bienvenidos al Sitio de la Asociaci\u00f3n de Colonos Lomas del Pedregal<\/h2>\t\t<\/div>\n\t\t\t\t<\/div>\n\t\t\t\t<div class=\"elementor-element elementor-element-7583690c elementor-widget elementor-widget-text-editor\" data-id=\"7583690c\" data-element_type=\"widget\" data-widget_type=\"text-editor.default\">\n\t\t\t\t<div class=\"elementor-widget-container\">\n\t\t\t\t\t<div class=\"elementor-text-editor elementor-clearfix\"><p><!-- wp:paragraph --><\/p>\n<p>En este sitio informaremos sobre las acciones llevadas a cabo por la asociaci\u00f3n, as\u00ed como informaci\u00f3n relevante para los colonos.<\/p>\n<p><!-- \/wp:paragraph --><\/p><\/div>\n\t\t\t\t<\/div>\n\t\t\t\t<\/div>\n\t\t\t\t\t\t<\/div>\n\t\t\t<\/div>\n\t\t<\/div>\n\t\t\t\t\t\t<\/div>\n\t\t\t<\/div>\n\t\t<\/section>\n\t\t\t\t<section class=\"elementor-element elementor-element-5645f7d elementor-section-boxed elementor-section-height-default elementor-section-height-default elementor-section elementor-top-section\" data-id=\"5645f7d\" data-element_type=\"section\">\n\t\t\t\t\t\t<div class=\"elementor-container elementor-column-gap-default\">\n\t\t\t\t<div class=\"elementor-row\">\n\t\t\t\t<div class=\"elementor-element elementor-element-6286168 elementor-column elementor-col-100 elementor-top-column\" data-id=\"6286168\" data-element_type=\"column\">\n\t\t\t<div class=\"elementor-column-wrap  elementor-element-populated\">\n\t\t\t\t\t<div class=\"elementor-widget-wrap\">\n\t\t\t\t<div class=\"elementor-element elementor-element-a57ede2 elementor-widget elementor-widget-heading\" data-id=\"a57ede2\" data-element_type=\"widget\" data-widget_type=\"heading.default\">\n\t\t\t\t<div class=\"elementor-widget-container\">\n\t\t\t<h2 class=\"elementor-heading-title elementor-size-default\">Medidas Preventivas por Emergencia Sanitaria<\/h2>\t\t<\/div>\n\t\t\t\t<\/div>\n\t\t\t\t<div class=\"elementor-element elementor-element-54972cc elementor-widget elementor-widget-image\" data-id=\"54972cc\" data-element_type=\"widget\" data-widget_type=\"image.default\">\n\t\t\t\t<div class=\"elementor-widget-container\">\n\t\t\t\t\t<div class=\"elementor-image\">\n\t\t\t\t\t\t\t\t\t\t<img width=\"640\" height=\"932\" src=\"https:\/\/asociacionclp.com\/wp-content\/uploads\/2020\/04\/Poster_ACLP_Covid-vf-703x1024.png\" class=\"attachment-large size-large\" alt=\"\" loading=\"lazy\" srcset=\"https:\/\/asociacionclp.com\/wp-content\/uploads\/2020\/04\/Poster_ACLP_Covid-vf-703x1024.png 703w, https:\/\/asociacionclp.com\/wp-content\/uploads\/2020\/04\/Poster_ACLP_Covid-vf-206x300.png 206w, https:\/\/asociacionclp.com\/wp-content\/uploads\/2020\/04\/Poster_ACLP_Covid-vf-768x1118.png 768w, https:\/\/asociacionclp.com\/wp-content\/uploads\/2020\/04\/Poster_ACLP_Covid-vf-1055x1536.png 1055w, https:\/\/asociacionclp.com\/wp-content\/uploads\/2020\/04\/Poster_ACLP_Covid-vf-1406x2048.png 1406w, https:\/\/asociacionclp.com\/wp-content\/uploads\/2020\/04\/Poster_ACLP_Covid-vf-600x874.png 600w, https:\/\/asociacionclp.com\/wp-content\/uploads\/2020\/04\/Poster_ACLP_Covid-vf.png 1920w\" sizes=\"(max-width: 640px) 100vw, 640px\" \/>\t\t\t\t\t\t\t\t\t\t\t<\/div>\n\t\t\t\t<\/div>\n\t\t\t\t<\/div>\n\t\t\t\t\t\t<\/div>\n\t\t\t<\/div>\n\t\t<\/div>\n\t\t\t\t\t\t<\/div>\n\t\t\t<\/div>\n\t\t<\/section>\n\t\t\t\t<section class=\"elementor-element elementor-element-3d0e935 elementor-section-boxed elementor-section-height-default elementor-section-height-default elementor-section elementor-top-section\" data-id=\"3d0e935\" data-element_type=\"section\">\n\t\t\t\t\t\t<div class=\"elementor-container elementor-column-gap-default\">\n\t\t\t\t<div class=\"elementor-row\">\n\t\t\t\t<div class=\"elementor-element elementor-element-16fd868 elementor-column elementor-col-50 elementor-top-column\" data-id=\"16fd868\" data-element_type=\"column\">\n\t\t\t<div class=\"elementor-column-wrap  elementor-element-populated\">\n\t\t\t\t\t<div class=\"elementor-widget-wrap\">\n\t\t\t\t<div class=\"elementor-element elementor-element-b2ca65e elementor-widget elementor-widget-heading\" data-id=\"b2ca65e\" data-element_type=\"widget\" data-widget_type=\"heading.default\">\n\t\t\t\t<div class=\"elementor-widget-container\">\n\t\t\t<h2 class=\"elementor-heading-title elementor-size-default\">Tel\u00e9fonos de hospitales de la CDMX que atienden COVID-19<\/h2>\t\t<\/div>\n\t\t\t\t<\/div>\n\t\t\t\t<div class=\"elementor-element elementor-element-3492955 elementor-widget elementor-widget-text-editor\" data-id=\"3492955\" data-element_type=\"widget\" data-widget_type=\"text-editor.default\">\n\t\t\t\t<div class=\"elementor-widget-container\">\n\t\t\t\t\t<div class=\"elementor-text-editor elementor-clearfix\"><ul>\n<li>Hospital General Balbuena Venustiano Carranza <b>55 5552-0844\u00a0<\/b><\/li>\n<li>Hospital Pedi\u00e1trico Moctezuma Venustiano Carranza <b>55 5571-1737\u00a0<\/b><\/li>\n<li>Hospital Pedi\u00e1trico Inguar\u00e1n Venustiano Carranza <b>55 5795-4261\u00a0<\/b><\/li>\n<li>M\u00e9dica Sur Tlalpan <b>55 5424-7200<\/b>\u00a0<\/li>\n<li>Topilejo Tlalpan <b>55 5848-0469\u00a0<\/b><\/li>\n<li>Hospital Materno Infantil Tl\u00e1huac Tl\u00e1huac 5<b>5 5842-3601 al 03\u00a0<\/b><\/li>\n<li>Hospital Espa\u00f1ol Polanco <b>55 5255-9600\u00a0<\/b><\/li>\n<li>Hospital \u00c1ngeles Pedregal Pedregal <b>55 5449-5500\u00a0<\/b><\/li>\n<li>Hospital General Milpa Alta Milpa Alta <b>55 5844-7655\u00a0<\/b><\/li>\n<li>Hospital Pedi\u00e1trico Legaria Miguel Hidalgo <b>55 5082-7642<\/b>\u00a0<\/li>\n<li>Hospital Pedi\u00e1trico Tacubaya Miguel Hidalgo <b>55 5515-7987\u00a0<\/b><\/li>\n<li>Hospital General Rub\u00e9n Le\u00f1ero Miguel Hidalgo <b>55 5341-7801\u00a0<\/b><\/li>\n<li>Hospital \u00c1ngeles M\u00e9xico Miguel Hidalgo <b>55 5516-9900<\/b>\u00a0<\/li>\n<li>Hospital Materno Infantil Magdalena Contreras<\/li>\n<li>Magdalena Contreras <b>55 5668-6671<\/b>\u00a0<\/li>\n<li>Hospital \u00c1ngeles Lindavista Lindavista <b>55 5754-7000\u00a0<\/b><\/li>\n<li>Hospital General Iztapalapa Iztapalapa <b>55 5429-3210\u00a0<\/b><\/li>\n<li>Hospital de Especialidades Dr. Belisario Dom\u00ednguez Iztapalapa <b>55 5850-0000 al 03\u00a0<\/b><\/li>\n<li>Hospital Pedi\u00e1trico Iztapalapa Iztapalapa <b>55 5685-9416\u00a0<\/b><\/li>\n<li>Hospital Pedi\u00e1trico Iztacalco Iztacalco <b>55 5650-2402<\/b>\u00a0<\/li>\n<li>Hospital \u00c1ngeles Lomas Interlomas <b>55 5246-5000\u00a0<\/b><\/li>\n<li>Hospital General Ticom\u00e1n Gustavo A. Madero <b>55 5754-3012\u00a0<\/b><\/li>\n<li>Hospital General La Villa Gustavo A. Madero <b>55 5577-0596\u00a0<\/b><\/li>\n<li>Hospital Pedi\u00e1trico La Villa Gustavo A. Madero<b> 55 5781-2103\u00a0<\/b><\/li>\n<li>Hospital Materno Infantil Cuautepec Gustavo A. Madero <b>55 5306-0622<\/b>\u00a0<\/li>\n<li>Hospital Pedi\u00e1trico San Juan de Arag\u00f3n Gustavo A. Madero<b> 55 5571-6839\u00a0<\/b><\/li>\n<li>Hospital \u00c1ngeles Metropolitano Cuauht\u00e9moc <b>55 5265-1800\u00a0<\/b><\/li>\n<li>Hospital General Gregorio Salas Cuauht\u00e9moc <b>55 5702-0372\u00a0<\/b><\/li>\n<li>Centro Dermatol\u00f3gico Ladislao de la Pascua Cuauht\u00e9moc <b>55 5634-9919\u00a0<\/b><\/li>\n<li>Hospital General de M\u00e9xico Cuauht\u00e9moc <b>55 2789-2000\u00a0<\/b><\/li>\n<li>ABC Santa Fe Cuajimalpa <b>55 1103-1600\u00a0<\/b><\/li>\n<li>Hospital Materno Infantil Cuajimalpa Cuajimalpa <b>55\u00a05812-3269\u00a0<\/b><\/li>\n<li>Hospital Pedi\u00e1trico Coyoac\u00e1n Coyoac\u00e1n <b>55\u00a05554-8628\u00a0<\/b><\/li>\n<li>Hospital General Xoco Benito Ju\u00e1rez<b>\u00a055 5688-9131\u00a0<\/b><\/li>\n<li>Hospital Pedi\u00e1trico Azcapotzalco Azcapotzalco <b>55\u00a05561-2854\u00a0<\/b><\/li>\n<li>Hospital Materno Infantil Dr. Nicol\u00e1s M. Cedillo Azcapotzalco<b> 55 5394-0575<\/b>\u00a0<\/li>\n<li>Hospital General Enrique Cabrera \u00c1lvaro Obreg\u00f3n <b>55 1285-7100\u00a0<\/b><\/li>\n<li>ABC Observatorio \u00c1lvaro Obreg\u00f3n <b>55\u00a05230-8000\u00a0<\/b><\/li>\n<\/ul><\/div>\n\t\t\t\t<\/div>\n\t\t\t\t<\/div>\n\t\t\t\t\t\t<\/div>\n\t\t\t<\/div>\n\t\t<\/div>\n\t\t\t\t<div class=\"elementor-element elementor-element-52bc32f elementor-column elementor-col-50 elementor-top-column\" data-id=\"52bc32f\" data-element_type=\"column\">\n\t\t\t<div class=\"elementor-column-wrap  elementor-element-populated\">\n\t\t\t\t\t<div class=\"elementor-widget-wrap\">\n\t\t\t\t<div class=\"elementor-element elementor-element-17aff44 elementor-widget elementor-widget-heading\" data-id=\"17aff44\" data-element_type=\"widget\" data-widget_type=\"heading.default\">\n\t\t\t\t<div class=\"elementor-widget-container\">\n\t\t\t<h2 class=\"elementor-heading-title elementor-size-default\">Protocolo de Convivencia COVID-19<\/h2>\t\t<\/div>\n\t\t\t\t<\/div>\n\t\t\t\t<div class=\"elementor-element elementor-element-0acd085 elementor-widget elementor-widget-html\" data-id=\"0acd085\" data-element_type=\"widget\" data-widget_type=\"html.default\">\n\t\t\t\t<div class=\"elementor-widget-container\">\n\t\t\t<iframe src=\"https:\/\/www.asociacionclp.com\/wp-content\/uploads\/2020\/05\/PROTOCOLO-COVID19-AIO-COBALTO.pdf\" style=\"width:100%; min-height:900px;\"><\/iframe>\t\t<\/div>\n\t\t\t\t<\/div>\n\t\t\t\t\t\t<\/div>\n\t\t\t<\/div>\n\t\t<\/div>\n\t\t\t\t\t\t<\/div>\n\t\t\t<\/div>\n\t\t<\/section>\n\t\t\t\t<section class=\"elementor-element elementor-element-a5f3763 elementor-section-boxed elementor-section-height-default elementor-section-height-default elementor-section elementor-top-section\" data-id=\"a5f3763\" data-element_type=\"section\">\n\t\t\t\t\t\t<div class=\"elementor-container elementor-column-gap-default\">\n\t\t\t\t<div class=\"elementor-row\">\n\t\t\t\t<div class=\"elementor-element elementor-element-12013f1 elementor-column elementor-col-50 elementor-top-column\" data-id=\"12013f1\" data-element_type=\"column\">\n\t\t\t<div class=\"elementor-column-wrap  elementor-element-populated\">\n\t\t\t\t\t<div class=\"elementor-widget-wrap\">\n\t\t\t\t<div class=\"elementor-element elementor-element-7991d3c elementor-widget elementor-widget-shortcode\" data-id=\"7991d3c\" data-element_type=\"widget\" data-widget_type=\"shortcode.default\">\n\t\t\t\t<div class=\"elementor-widget-container\">\n\t\t\t\t\t<div class=\"elementor-shortcode\"><h1>Bolet\u00edn<\/h2>\n\n        <div class=\"emaillist\">\n            <form action=\"#\" method=\"post\" class=\"es_subscription_form es_shortcode_form\" id=\"es_subscription_form_1776350754\" data-source=\"ig-es\">\n\t\t\t\t                    <div class=\"es_caption\">Inscribete a nuestro bolet\u00edn<\/div>\n\t\t\t\t\t\t\t\t<div class=\"es-field-wrap\"><label>Nombre*<br\/><input type=\"text\" name=\"name\" class=\"ig_es_form_field_name\"  placeholder=\"\" value=\"\" required\/><\/label><\/div>\t\t\t\t<div class=\"es-field-wrap\"><label>Email*<br\/><input class=\"es_required_field es_txt_email ig_es_form_field_email\" type=\"email\" name=\"email\" value=\"\" placeholder=\"\" required\/><\/label><\/div>\t\t\t\t<input type=\"hidden\" name=\"lists[]\" value=\"2\" \/>\t\t\t\t<input type=\"hidden\" name=\"form_id\" value=\"1\" \/>\n                <input type=\"hidden\" name=\"es_email_page\" value=\"2\"\/>\n                <input type=\"hidden\" name=\"es_email_page_url\" value=\"https:\/\/asociacionclp.com\/\"\/>\n                <input type=\"hidden\" name=\"status\" value=\"Unconfirmed\"\/>\n                <input type=\"hidden\" name=\"es-subscribe\" id=\"es-subscribe\" value=\"eeebd17f63\"\/>\n                <label style=\"position:absolute;top:-99999px;left:-99999px;z-index:-99;\"><input type=\"email\" name=\"es_hp_email\" class=\"es_required_field\" tabindex=\"-1\" autocomplete=\"-1\" value=\"\"\/><\/label>\n\t\t\t\t                <input type=\"submit\" name=\"submit\" class=\"es_subscription_form_submit es_submit_button es_textbox_button\" id=\"es_subscription_form_submit_1776350754\" value=\"Subscribete\"\/>\n\n\t\t\t\t\n                <span class=\"es_spinner_image\" id=\"spinner-image\"><img src=\"https:\/\/asociacionclp.com\/wp-content\/plugins\/email-subscribers\/lite\/public\/images\/spinner.gif\" alt=\"Loading\"\/><\/span>\n\n            <\/form>\n\n            <span class=\"es_subscription_message\" id=\"es_subscription_message_1776350754\"><\/span>\n        <\/div>\n\n\t\t<\/div>\n\t\t\t\t<\/div>\n\t\t\t\t<\/div>\n\t\t\t\t\t\t<\/div>\n\t\t\t<\/div>\n\t\t<\/div>\n\t\t\t\t<div class=\"elementor-element elementor-element-8dc96c7 elementor-column elementor-col-50 elementor-top-column\" data-id=\"8dc96c7\" data-element_type=\"column\">\n\t\t\t<div class=\"elementor-column-wrap  elementor-element-populated\">\n\t\t\t\t\t<div class=\"elementor-widget-wrap\">\n\t\t\t\t<div class=\"elementor-element elementor-element-b499ac8 elementor-widget elementor-widget-shortcode\" data-id=\"b499ac8\" data-element_type=\"widget\" data-widget_type=\"shortcode.default\">\n\t\t\t\t<div class=\"elementor-widget-container\">\n\t\t\t\t\t<div class=\"elementor-shortcode\"><h1>Iniciar Sesi\u00f3n<\/h1>\n<div class=\"ctdb-login-form-wrapper\"><div class=\"ctdb-header \" data-form-id=\"ctdb-login-wrap\"><h3 class=\"ctdb-h3\"><span class=\"dashicons dashicons-unlock\"><\/span>Log in<\/h3><\/div><div class=\"ctdb-header \" data-form-id=\"ctdb-registration-wrap\"><h3 class=\"ctdb-h3\"><span class=\"dashicons dashicons-edit\"><\/span>Register<\/h3><\/div>\n\t\t\t<div id=\"ctdb-login-wrap\" class=\"ctdb-form-section active-section\">\n\n\t\t\t\t\n\t\t\t\t\t\t\t\t\t\t\t\t\n\t\t\t\t<form id=\"ctdb_login_form\" class=\"ctdb-form\" action=\"\" method=\"post\">\n\n\t\t\t\t\t<fieldset>\n\t\t\t\t\t\t<p>\n\t\t\t\t\t\t\t<label for=\"ctdb_user_login\">Username<\/label>\n\t\t\t\t\t\t\t<input name=\"ctdb_user_login\" id=\"ctdb_user_login\" class=\"required\" type=\"text\"\/>\n\t\t\t\t\t\t<\/p>\n\t\t\t\t\t\t<p>\n\t\t\t\t\t\t\t<label for=\"ctdb_user_pass\">Password<\/label>\n\t\t\t\t\t\t\t<input name=\"ctdb_user_pass\" id=\"ctdb_user_pass\" class=\"required\" type=\"password\"\/>\n\t\t\t\t\t\t<\/p>\n\t\t\t\t\t\t<p>\n\t\t\t\t\t\t\t<input type=\"hidden\" name=\"ctdb_login_nonce\" value=\"16176a8131\"\/>\n\t\t\t\t\t\t\t<input id=\"ctdb_login_submit\" type=\"submit\" value=\"Log in\"\/>\n\t\t\t\t\t\t<\/p>\n\t\t\t\t\t<\/fieldset>\n\n\t\t\t\t<\/form>\n\n\t\t\t\t<p><a href=\"https:\/\/asociacionclp.com\/wp-login.php?action=lostpassword&redirect_to=https%3A%2F%2Fasociacionclp.com%2F%3Faction%3Dpasswordrequest\">Lost password?<\/a><p>\n\n\t\t\t<\/div>\n\n\t\t\t\n\t\t\t<div id=\"ctdb-registration-wrap\" class=\"ctdb-form-section \">\n\n\t\t\t\t\n\t\t\t\t<form id=\"ctdb_registration_form\" class=\"ctdb-form\" action=\"\" method=\"POST\">\n\n\t\t\t\t\t<fieldset>\n\n\t\t\t\t\t\t\t\t\t\t\t\t\t\t\t<p>\n\t\t\t\t\t\t\t\t\t\t<label for=\"ctdb_user_login\">Username<span id=\"ctdb_user_login-response\" class=\"validation-response\"><\/span><\/label>\n\t\t\t\t\t\t\t\t\t\t<input name=\"ctdb_user_login\" id=\"ctdb_user_login\" class=\"required ctdb_user_login\" type=\"text\" value=\"\"\/>\n\t\t\t\t\t\t\t\t\t<\/p>\n\t\t\t\t\t\t\t\t\t\t\t\t\t\t\t\t\t<p>\n\t\t\t\t\t\t\t\t\t\t<label for=\"ctdb_user_email\">Email<span id=\"ctdb_user_email-response\" class=\"validation-response\"><\/span><\/label>\n\t\t\t\t\t\t\t\t\t\t<input name=\"ctdb_user_email\" id=\"ctdb_user_email\" class=\"required ctdb_user_email\" type=\"email\" value=\"\"\/>\n\t\t\t\t\t\t\t\t\t<\/p>\n\t\t\t\t\t\t\t\t\t\t\t\t\t\t\t\t\t<p>\n\t\t\t\t\t\t\t\t\t\t<label for=\"ctdb_user_first\">First Name<span id=\"ctdb_user_first-response\" class=\"validation-response\"><\/span><\/label>\n\t\t\t\t\t\t\t\t\t\t<input name=\"ctdb_user_first\" id=\"ctdb_user_first\" class=\"required ctdb_user_first\" type=\"text\" value=\"\"\/>\n\t\t\t\t\t\t\t\t\t<\/p>\n\t\t\t\t\t\t\t\t\t\t\t\t\t\t\t\t\t<p>\n\t\t\t\t\t\t\t\t\t\t<label for=\"ctdb_user_last\">Last Name<span id=\"ctdb_user_last-response\" class=\"validation-response\"><\/span><\/label>\n\t\t\t\t\t\t\t\t\t\t<input name=\"ctdb_user_last\" id=\"ctdb_user_last\" class=\"required ctdb_user_last\" type=\"text\" value=\"\"\/>\n\t\t\t\t\t\t\t\t\t<\/p>\n\t\t\t\t\t\t\t\t\t\t\t\t\t\t\t\t\t<p>\n\t\t\t\t\t\t\t\t\t\t<label for=\"ctdb_user_pass\">Password<span id=\"ctdb_user_pass-response\" class=\"validation-response\"><\/span><\/label>\n\t\t\t\t\t\t\t\t\t\t<input name=\"ctdb_user_pass\" id=\"ctdb_user_pass\" class=\"required ctdb_user_pass\" type=\"password\" value=\"\"\/>\n\t\t\t\t\t\t\t\t\t<\/p>\n\t\t\t\t\t\t\t\t\t\t\t\t\t\t\t\t\t<p>\n\t\t\t\t\t\t\t\t\t\t<label for=\"ctdb_user_pass_confirm\">Password again<span id=\"ctdb_user_pass_confirm-response\" class=\"validation-response\"><\/span><\/label>\n\t\t\t\t\t\t\t\t\t\t<input name=\"ctdb_user_pass_confirm\" id=\"ctdb_user_pass_confirm\" class=\"required ctdb_user_pass_confirm\" type=\"password\" value=\"\"\/>\n\t\t\t\t\t\t\t\t\t<\/p>\n\t\t\t\t\t\t\t\t\t\t\t\t\t\t\t\t\t\t\t\t\t<p class=\"ctdb-check-humanity-wrapper\">\n\t\t\t\t\t\t\t\t<label>Are you a human?<\/label>\n\t\t\t\t\t\t\t\t<input name=\"ctdb_check_humanity\" value=\"no\" type=\"radio\"\/> No<br>\n\t\t\t\t\t\t\t\t<input name=\"ctdb_check_humanity\" value=\"yes\" type=\"radio\"\/> Yes\t\t\t\t\t\t\t<\/p>\n\t\t\t\t\t\t\t\t\t\t\t\t<p>\n\t\t\t\t\t\t\t<input type=\"hidden\" name=\"ctdb_page\" value=\"register\"\/>\n\t\t\t\t\t\t\t<input type=\"hidden\" name=\"ctdb_register_nonce\" value=\"162f2e3ed5\"\/>\n\t\t\t\t\t\t\t<input type=\"submit\" value=\"Register Your Account\"\/>\n\t\t\t\t\t\t<\/p>\n\n\t\t\t\t\t<\/fieldset>\n\n\t\t\t\t\t<script>\n\t\t\t\t\t\t\/\/ Do inline validation for username\n\t\t\t\t\t\tjQuery(document).ready(function($){\n\t\t\t\t\t\t\t\/\/ On focusout so that we only evaluate inputs once completed\n\t\t\t\t\t\t\t\/\/ Send current so that we only evaluate current input\n\t\t\t\t\t\t\t$('#ctdb-registration-wrap input').on('focusout',function(){\n\t\t\t\t\t\t\t\tvar required = 'false';\n\t\t\t\t\t\t\t\tif($(this).hasClass('required')){\n\t\t\t\t\t\t\t\t\trequired = 'true';\n\t\t\t\t\t\t\t\t}\n\t\t\t\t\t\t\t\t\/\/ Clear the field validation each time\n\t\t\t\t\t\t\t\tvar validateID = $(this).attr('id');\n\t\t\t\t\t\t\t\t$(this).removeClass('valid invalid');\n\t\t\t\t\t\t\t\t$('#'+validateID+'-response').html('');\n\t\t\t\t\t\t\t\tvar data = {\n\t\t\t\t\t\t\t\t\t'action': 'ajax_validation',\n\t\t\t\t\t\t\t\t\t'current': $(this).attr('id'),\n\t\t\t\t\t\t\t\t\t'val': $(this).val(),\n\t\t\t\t\t\t\t\t\t'required': required,\n\t\t\t\t\t\t\t\t\t'login': $('.ctdb_user_login').val(),\n\t\t\t\t\t\t\t\t\t'email': $('#ctdb-registration-wrap #ctdb_user_email').val(),\n\t\t\t\t\t\t\t\t\t'pass': $('#ctdb-registration-wrap #ctdb_user_pass').val(),\n\t\t\t\t\t\t\t\t\t'confirm': $('#ctdb-registration-wrap #ctdb_user_pass_confirm').val(),\n\t\t\t\t\t\t\t\t\t'security': \"5d4e26bd71\",\n\t\t\t\t\t\t\t\t\t'dataType': 'json'\n\t\t\t\t\t\t\t\t};\n\t\t\t\t\t\t\t\t$.post(ajaxurl, data, function(response){\n\t\t\t\t\t\t\t\t\tresponse = JSON.parse(response);\n\t\t\t\t\t\t\t\t\tfor(var i=0; i<response.length; i++){\n\t\t\t\t\t\t\t\t\t\tif(response[i]['status']=='error'){\n\t\t\t\t\t\t\t\t\t\t\tvar id = response[i]['id'];\n\t\t\t\t\t\t\t\t\t\t\t$('.'+id).removeClass('valid');\n\t\t\t\t\t\t\t\t\t\t\t$('.'+id).addClass('invalid');\n\t\t\t\t\t\t\t\t\t\t\t$('#'+id+'-response').html('<small> - '+response[i]['message']+'<\/small>');\n\t\t\t\t\t\t\t\t\t\t} else if(response[i]['status']=='ok'){\n\t\t\t\t\t\t\t\t\t\t\tvar id = response[i]['id'];\n\t\t\t\t\t\t\t\t\t\t\t$('.'+id).removeClass('invalid');\n\t\t\t\t\t\t\t\t\t\t\t$('.'+id).addClass('valid');\n\t\t\t\t\t\t\t\t\t\t\tif(response[i]['message']){\n\t\t\t\t\t\t\t\t\t\t\t\t$('#'+id+'-response').html('<small> - '+response[i]['message']+'<\/small>');\n\t\t\t\t\t\t\t\t\t\t\t}else{\n\t\t\t\t\t\t\t\t\t\t\t\t$('#'+id+'-response').html('');\n\t\t\t\t\t\t\t\t\t\t\t}\n\t\t\t\t\t\t\t\t\t\t}\n\t\t\t\t\t\t\t\t\t}\n\t\t\t\t\t\t\t\t});\n\t\t\t\t\t\t\t});\n\t\t\t\t\t\t});\n\t\t\t\t\t<\/script>\n\n\t\t\t\t\t\n\t\t\t\t<\/form>\n\t\t\t<\/div><!-- .ctdb-form-section .-->\n\n\t\t\t<\/div><!-- .ctdb-login-form-wrapper --><script>\n\t\t\t\t\tjQuery(document).ready(function($){\n\t\t\t\t\t\t$(\".ctdb-header\").on(\"click\",function(){\n\t\t\t\t\t\t\tid = $(this).data(\"form-id\");\n\t\t\t\t\t\t\t$(\".ctdb-header\").removeClass(\"active-header\");\n\t\t\t\t\t\t\t$(this).addClass(\"active-header\");\n\t\t\t\t\t\t\t$(\".ctdb-form-section\").removeClass(\"active-section\");\n\t\t\t\t\t\t\t$(\"#\"+id).addClass(\"active-section\");\n\t\t\t\t\t\t});\n\t\t\t\t\t});\n\t\t\t\t<\/script> <\/div>\n\t\t\t\t<\/div>\n\t\t\t\t<\/div>\n\t\t\t\t\t\t<\/div>\n\t\t\t<\/div>\n\t\t<\/div>\n\t\t\t\t\t\t<\/div>\n\t\t\t<\/div>\n\t\t<\/section>\n\t\t\t\t\t\t<\/div>\n\t\t\t<\/div>\n\t\t<\/div>\n\t\t","protected":false},"excerpt":{"rendered":"<p>Bienvenidos al Sitio de la Asociaci\u00f3n de Colonos Lomas del Pedregal En este sitio informaremos sobre las acciones llevadas a cabo por la asociaci\u00f3n, as\u00ed&hellip;<\/p>\n","protected":false},"author":1,"featured_media":0,"parent":0,"menu_order":0,"comment_status":"closed","ping_status":"open","template":"","meta":[],"_links":{"self":[{"href":"https:\/\/asociacionclp.com\/index.php?rest_route=\/wp\/v2\/pages\/2"}],"collection":[{"href":"https:\/\/asociacionclp.com\/index.php?rest_route=\/wp\/v2\/pages"}],"about":[{"href":"https:\/\/asociacionclp.com\/index.php?rest_route=\/wp\/v2\/types\/page"}],"author":[{"embeddable":true,"href":"https:\/\/asociacionclp.com\/index.php?rest_route=\/wp\/v2\/users\/1"}],"replies":[{"embeddable":true,"href":"https:\/\/asociacionclp.com\/index.php?rest_route=%2Fwp%2Fv2%2Fcomments&post=2"}],"version-history":[{"count":13,"href":"https:\/\/asociacionclp.com\/index.php?rest_route=\/wp\/v2\/pages\/2\/revisions"}],"predecessor-version":[{"id":132,"href":"https:\/\/asociacionclp.com\/index.php?rest_route=\/wp\/v2\/pages\/2\/revisions\/132"}],"wp:attachment":[{"href":"https:\/\/asociacionclp.com\/index.php?rest_route=%2Fwp%2Fv2%2Fmedia&parent=2"}],"curies":[{"name":"wp","href":"https:\/\/api.w.org\/{rel}","templated":true}]}}